{"id":214,"date":"2016-03-09T12:40:55","date_gmt":"2016-03-09T11:40:34","guid":{"rendered":"https:\/\/mills.no\/delikat\/historien-om-delikat\/"},"modified":"2024-02-07T09:16:00","modified_gmt":"2024-02-07T08:16:00","slug":"historien-om-delikat","status":"publish","type":"page","link":"https:\/\/mills.no\/delikat\/historien-om-delikat\/","title":{"rendered":"Historien om Delikat"},"content":{"rendered":"<div class=\"mills-block-featured alignwide alignwide wp-block-mills-block-featured\"><img loading=\"lazy\" decoding=\"async\" width=\"1920\" height=\"1200\" style=\"width:100%;height:100%;object-fit:cover\" src=\"https:\/\/mills.no\/content\/uploads\/sites\/4\/2016\/03\/historisk-banner.jpg\" class=\"wp-block-cover__image-background\" alt=\"Delikat historie banner\" srcset=\"https:\/\/mills.no\/content\/uploads\/sites\/4\/2016\/03\/historisk-banner.jpg 1920w, https:\/\/mills.no\/content\/uploads\/sites\/4\/2016\/03\/historisk-banner-300x188.jpg 300w, https:\/\/mills.no\/content\/uploads\/sites\/4\/2016\/03\/historisk-banner-1024x640.jpg 1024w, https:\/\/mills.no\/content\/uploads\/sites\/4\/2016\/03\/historisk-banner-768x480.jpg 768w, https:\/\/mills.no\/content\/uploads\/sites\/4\/2016\/03\/historisk-banner-1536x960.jpg 1536w, https:\/\/mills.no\/content\/uploads\/sites\/4\/2016\/03\/historisk-banner-80x50.jpg 80w\" sizes=\"auto, (max-width: 1920px) 100vw, 1920px\" \/><div class=\"wp-block-cover__inner-container\">\n<h1 class=\"has-text-align-center wp-block-post-title has-text-color has-neutral-1000-color\">Historien om Delikat<\/h1>\n\n<p class=\"t2-ingress has-text-align-center align wp-block-t2-ingress\">Delikat-eventyret startet i Skomakergaten i Drammen for over 80 \u00e5r siden, i 1931. De st\u00f8rste variantene var rekesalat og italiensk salat, og salatene ble sirlig pyntet med r\u00e5varer p\u00e5 toppen. <\/p>\n<\/div><\/div>\n\n\n\t\t<div class=\"has-background has-neutral-0-background-color is-style-vertical-spacing is-style-horizontal-spacing alignwide is-section-text wp-block-mills-section has-background has-neutral-0-background-color\">\n\t\t\t<div class=\"wp-block-mills-section__inner aligncenter\">\n\t\t\t\t\n\n<p>Det hele startet med den danske m\u00f8belsnekkeren Christian Jensen som var p\u00e5 jakt etter nytt n\u00e6ringsgrunnlag. Sommeren 1931 dro hele familien Jensen til K\u00f8benhavn i en gammel Ford. Der l\u00e6rte han \u00e5 produsere hjemmelagde majonesbaserte p\u00e5leggssalater fra grunnen av hos sine kunnskapsrike danske slektninger.<\/p>\n\n\n\n<p class=\"has-text-align-left\"><em>I 1956 var Osloavisen Morgenposten p\u00e5 bes\u00f8k i Skomakergata p\u00e5 Tangen. Her tok de bilde av produksjonen av majones. Fra venstre Turid Gulbrandsen (senere Reffhaug), Ragnvald Reffhaug, Jan Erik Reffhaug og Nelly Abrahamsen.<\/em> <\/p>\n\n\n\n<figure class=\"wp-block-image alignwide size-full is-style-default\"><img loading=\"lazy\" decoding=\"async\" width=\"345\" height=\"277\" src=\"https:\/\/mills.no\/content\/uploads\/sites\/4\/2022\/01\/Majonesproduksjon-fra-1956-e1504704322533.jpg\" alt=\"Bilde fra majonesproduksjon i Skomakergata 2\" class=\"wp-image-271\" srcset=\"https:\/\/mills.no\/content\/uploads\/sites\/4\/2022\/01\/Majonesproduksjon-fra-1956-e1504704322533.jpg 345w, https:\/\/mills.no\/content\/uploads\/sites\/4\/2022\/01\/Majonesproduksjon-fra-1956-e1504704322533-300x241.jpg 300w, https:\/\/mills.no\/content\/uploads\/sites\/4\/2022\/01\/Majonesproduksjon-fra-1956-e1504704322533-80x64.jpg 80w\" sizes=\"auto, (max-width: 345px) 100vw, 345px\" \/><figcaption>Foto: Morgenposten\/Drammens tidene<\/figcaption><\/figure>\n\n\n\n<p class=\"has-text-align-left\">Fra Skomakergaten 2 i Drammen lagde Jensen og hans norske kone Olga hjemmelaget rekesalat, italiensk salat og sildesalat som ble solgt i nabolaget til stor begeistring. Sommersalaten kom i 1936. Markedet ble utvidet til Delikatessebutikkene som solgte salater i l\u00f8svekt i krukker og spann. I 1959 vokste Delikat ut av produksjonslokalene i Skomakergaten, og flyttet til den nybygde fabrikken i Holmestrandsveien i Drammen.<\/p>\n\n\n\n<p class=\"has-text-align-left\">Mye har skjedd siden den gang, og Delikat har fornyet seg i takt med tiden. Mange spennende salatvarianter har blitt lansert samtidig som klassikerne rekesalat og italiensk salat fortsatt er \u00e5 finne i butikkhyllene &#8211; i dag under merkenavnet Mills. Alle salater produseres i nytt anlegg, og produksjonen foreg\u00e5r fortsatt i Holmestrandsveien i Drammen. Siden 1970 har Delikat v\u00e6rt en del av Mills AS.<\/p>\n\n\n\n<div class=\"wp-block-image is-style-default\"><figure class=\"aligncenter size-full\"><img loading=\"lazy\" decoding=\"async\" width=\"655\" height=\"615\" src=\"https:\/\/mills.no\/content\/uploads\/sites\/4\/2022\/01\/Pynting-for-hC3A5nd-e1504704830477.png\" alt=\"Delikat salater pyntes for h\u00e5nd\" class=\"wp-image-272\" srcset=\"https:\/\/mills.no\/content\/uploads\/sites\/4\/2022\/01\/Pynting-for-hC3A5nd-e1504704830477.png 655w, https:\/\/mills.no\/content\/uploads\/sites\/4\/2022\/01\/Pynting-for-hC3A5nd-e1504704830477-300x282.png 300w, https:\/\/mills.no\/content\/uploads\/sites\/4\/2022\/01\/Pynting-for-hC3A5nd-e1504704830477-80x75.png 80w\" sizes=\"auto, (max-width: 655px) 100vw, 655px\" \/><figcaption>Tidligere ble hver og en av salatene pyntet for h\u00e5nd.<\/figcaption><\/figure><\/div>\n\n\n\n<div class=\"wp-block-image is-style-default\"><figure class=\"aligncenter size-full\"><img loading=\"lazy\" decoding=\"async\" width=\"640\" height=\"442\" src=\"https:\/\/mills.no\/content\/uploads\/sites\/4\/2022\/01\/FC3B8rste-annonse-i-Drammens-tidene.jpg\" alt=\"Den f\u00f8rste Delikat-annonsen\" class=\"wp-image-274\" srcset=\"https:\/\/mills.no\/content\/uploads\/sites\/4\/2022\/01\/FC3B8rste-annonse-i-Drammens-tidene.jpg 640w, https:\/\/mills.no\/content\/uploads\/sites\/4\/2022\/01\/FC3B8rste-annonse-i-Drammens-tidene-300x207.jpg 300w, https:\/\/mills.no\/content\/uploads\/sites\/4\/2022\/01\/FC3B8rste-annonse-i-Drammens-tidene-80x55.jpg 80w\" sizes=\"auto, (max-width: 640px) 100vw, 640px\" \/><figcaption>Den f\u00f8rste Delikat-annonsen sto p\u00e5 trykk i Drammens tidene allerede i september 1931.<\/figcaption><\/figure><\/div>\n\n\n\n<p><\/p>\n\n\n\t\t\t<\/div>\n\t\t<\/div>\n\n<div class=\"mills-block-featured alignwide wp-block-cover has-custom-content-position is-position-bottom-center alignwide wp-block-mills-block-featured\"><img loading=\"lazy\" decoding=\"async\" width=\"640\" height=\"470\" style=\"width:100%;height:100%;object-fit:cover\" src=\"https:\/\/mills.no\/content\/uploads\/sites\/4\/2022\/01\/Christian-Jensen.jpg\" class=\"wp-block-cover__image-background\" alt=\"\" srcset=\"https:\/\/mills.no\/content\/uploads\/sites\/4\/2022\/01\/Christian-Jensen.jpg 640w, https:\/\/mills.no\/content\/uploads\/sites\/4\/2022\/01\/Christian-Jensen-300x220.jpg 300w, https:\/\/mills.no\/content\/uploads\/sites\/4\/2022\/01\/Christian-Jensen-80x59.jpg 80w\" sizes=\"auto, (max-width: 640px) 100vw, 640px\" \/><div class=\"wp-block-cover__inner-container\">\n\n<h2 class=\"has-text-align-center wp-block-heading\" id=\"h-historien-om-navnet\">Historien om navnet<\/h2>\n\n\n\n<p class=\"has-text-align-center\">En bekjent av Chr. Jensen, som tilfeldigvis ogs\u00e5 var b\u00e5de dansk og het Jensen, fikk en dag smake salaten som ble laget i Skomakergata. \u2013&nbsp;Den var jo meget delikat, sa mannen. \u2013&nbsp;Kan jeg bruke navnet Delikat? spurte salatgr\u00fcnderen Chr. Jensen. Det var i orden, og som betaling fikk han s\u00e5 mye salat han ville ha, s\u00e5 lenge han levde. Og slik ble det. Hver eneste uke i flere ti\u00e5r var Jensen fast gjest p\u00e5 fabrikken i Skomakergata p\u00e5 Tangen og senere i Holmestrandsveien i Kobbervikdalen \u2013&nbsp;for \u00e5 hente sin salat.<\/p>\n\n<\/div><\/div>","protected":false},"excerpt":{"rendered":"<p>Delikat-eventyret startet i Skomakergaten i Drammen for over 80 \u00e5r siden, i 1931. De st\u00f8rste variantene var rekesalat og italiensk&hellip;<\/p>\n","protected":false},"author":1,"featured_media":215,"parent":0,"menu_order":2,"comment_status":"closed","ping_status":"closed","template":"","meta":{"_searchwp_excluded":"","hide_post_title":false,"footnotes":""},"class_list":["post-214","page","type-page","status-publish","has-post-thumbnail","hentry"],"yoast_head":"<!-- This site is optimized with the Yoast SEO Premium plugin v26.9 (Yoast SEO v26.9) - https:\/\/yoast.com\/product\/yoast-seo-premium-wordpress\/ -->\n<title>Historien om Delikat | Delikat salater<\/title>\n<meta name=\"description\" content=\"Historien om Delikat startet i Drammen i 1931. De st\u00f8rste variantene var den gang, som n\u00e5: rekesalat og italiensk salat.\" \/>\n<meta name=\"robots\" content=\"index, follow, max-snippet:-1, max-image-preview:large, max-video-preview:-1\" \/>\n<link rel=\"canonical\" href=\"https:\/\/mills.no\/delikat\/historien-om-delikat\/\" \/>\n<meta property=\"og:locale\" content=\"nb_NO\" \/>\n<meta property=\"og:type\" content=\"article\" \/>\n<meta property=\"og:title\" content=\"Historien om Delikat\" \/>\n<meta property=\"og:description\" content=\"Historien om Delikat startet i Drammen i 1931. De st\u00f8rste variantene var den gang, som n\u00e5: rekesalat og italiensk salat.\" \/>\n<meta property=\"og:url\" content=\"https:\/\/mills.no\/delikat\/historien-om-delikat\/\" \/>\n<meta property=\"og:site_name\" content=\"Delikat\" \/>\n<meta property=\"article:modified_time\" content=\"2024-02-07T08:16:00+00:00\" \/>\n<meta property=\"og:image\" content=\"https:\/\/mills.no\/content\/uploads\/sites\/4\/2016\/03\/historisk-banner.jpg\" \/>\n\t<meta property=\"og:image:width\" content=\"1920\" \/>\n\t<meta property=\"og:image:height\" content=\"1200\" \/>\n\t<meta property=\"og:image:type\" content=\"image\/jpeg\" \/>\n<meta name=\"twitter:card\" content=\"summary_large_image\" \/>\n<meta name=\"twitter:label1\" content=\"Ansl. lesetid\" \/>\n\t<meta name=\"twitter:data1\" content=\"3 minutter\" \/>\n<script type=\"application\/ld+json\" class=\"yoast-schema-graph\">{\"@context\":\"https:\/\/schema.org\",\"@graph\":[{\"@type\":\"WebPage\",\"@id\":\"https:\/\/mills.no\/delikat\/historien-om-delikat\/\",\"url\":\"https:\/\/mills.no\/delikat\/historien-om-delikat\/\",\"name\":\"Historien om Delikat | Delikat salater\",\"isPartOf\":{\"@id\":\"https:\/\/mills.no\/delikat\/#website\"},\"primaryImageOfPage\":{\"@id\":\"https:\/\/mills.no\/delikat\/historien-om-delikat\/#primaryimage\"},\"image\":{\"@id\":\"https:\/\/mills.no\/delikat\/historien-om-delikat\/#primaryimage\"},\"thumbnailUrl\":\"https:\/\/mills.no\/content\/uploads\/sites\/4\/2016\/03\/historisk-banner.jpg\",\"datePublished\":\"2016-03-09T11:40:34+00:00\",\"dateModified\":\"2024-02-07T08:16:00+00:00\",\"description\":\"Historien om Delikat startet i Drammen i 1931. De st\u00f8rste variantene var den gang, som n\u00e5: rekesalat og italiensk salat.\",\"breadcrumb\":{\"@id\":\"https:\/\/mills.no\/delikat\/historien-om-delikat\/#breadcrumb\"},\"inLanguage\":\"nb-NO\",\"potentialAction\":[{\"@type\":\"ReadAction\",\"target\":[\"https:\/\/mills.no\/delikat\/historien-om-delikat\/\"]}]},{\"@type\":\"ImageObject\",\"inLanguage\":\"nb-NO\",\"@id\":\"https:\/\/mills.no\/delikat\/historien-om-delikat\/#primaryimage\",\"url\":\"https:\/\/mills.no\/content\/uploads\/sites\/4\/2016\/03\/historisk-banner.jpg\",\"contentUrl\":\"https:\/\/mills.no\/content\/uploads\/sites\/4\/2016\/03\/historisk-banner.jpg\",\"width\":1920,\"height\":1200,\"caption\":\"Delikat historie banner\"},{\"@type\":\"BreadcrumbList\",\"@id\":\"https:\/\/mills.no\/delikat\/historien-om-delikat\/#breadcrumb\",\"itemListElement\":[{\"@type\":\"ListItem\",\"position\":1,\"name\":\"Home\",\"item\":\"https:\/\/mills.no\/delikat\/\"},{\"@type\":\"ListItem\",\"position\":2,\"name\":\"Historien om Delikat\"}]},{\"@type\":\"WebSite\",\"@id\":\"https:\/\/mills.no\/delikat\/#website\",\"url\":\"https:\/\/mills.no\/delikat\/\",\"name\":\"Delikat\",\"description\":\"For delikate situasjoner\",\"publisher\":{\"@id\":\"https:\/\/mills.no\/delikat\/#organization\"},\"potentialAction\":[{\"@type\":\"SearchAction\",\"target\":{\"@type\":\"EntryPoint\",\"urlTemplate\":\"https:\/\/mills.no\/delikat\/?s={search_term_string}\"},\"query-input\":{\"@type\":\"PropertyValueSpecification\",\"valueRequired\":true,\"valueName\":\"search_term_string\"}}],\"inLanguage\":\"nb-NO\"},{\"@type\":\"Organization\",\"@id\":\"https:\/\/mills.no\/delikat\/#organization\",\"name\":\"Delikat\",\"url\":\"https:\/\/mills.no\/delikat\/\",\"logo\":{\"@type\":\"ImageObject\",\"inLanguage\":\"nb-NO\",\"@id\":\"https:\/\/mills.no\/delikat\/#\/schema\/logo\/image\/\",\"url\":\"https:\/\/mills.no\/content\/uploads\/sites\/4\/2021\/11\/logo-delikat.svg\",\"contentUrl\":\"https:\/\/mills.no\/content\/uploads\/sites\/4\/2021\/11\/logo-delikat.svg\",\"caption\":\"Delikat\"},\"image\":{\"@id\":\"https:\/\/mills.no\/delikat\/#\/schema\/logo\/image\/\"}}]}<\/script>\n<!-- \/ Yoast SEO Premium plugin. -->","yoast_head_json":{"title":"Historien om Delikat | Delikat salater","description":"Historien om Delikat startet i Drammen i 1931. De st\u00f8rste variantene var den gang, som n\u00e5: rekesalat og italiensk salat.","robots":{"index":"index","follow":"follow","max-snippet":"max-snippet:-1","max-image-preview":"max-image-preview:large","max-video-preview":"max-video-preview:-1"},"canonical":"https:\/\/mills.no\/delikat\/historien-om-delikat\/","og_locale":"nb_NO","og_type":"article","og_title":"Historien om Delikat","og_description":"Historien om Delikat startet i Drammen i 1931. De st\u00f8rste variantene var den gang, som n\u00e5: rekesalat og italiensk salat.","og_url":"https:\/\/mills.no\/delikat\/historien-om-delikat\/","og_site_name":"Delikat","article_modified_time":"2024-02-07T08:16:00+00:00","og_image":[{"width":1920,"height":1200,"url":"https:\/\/mills.no\/content\/uploads\/sites\/4\/2016\/03\/historisk-banner.jpg","type":"image\/jpeg"}],"twitter_card":"summary_large_image","twitter_misc":{"Ansl. lesetid":"3 minutter"},"schema":{"@context":"https:\/\/schema.org","@graph":[{"@type":"WebPage","@id":"https:\/\/mills.no\/delikat\/historien-om-delikat\/","url":"https:\/\/mills.no\/delikat\/historien-om-delikat\/","name":"Historien om Delikat | Delikat salater","isPartOf":{"@id":"https:\/\/mills.no\/delikat\/#website"},"primaryImageOfPage":{"@id":"https:\/\/mills.no\/delikat\/historien-om-delikat\/#primaryimage"},"image":{"@id":"https:\/\/mills.no\/delikat\/historien-om-delikat\/#primaryimage"},"thumbnailUrl":"https:\/\/mills.no\/content\/uploads\/sites\/4\/2016\/03\/historisk-banner.jpg","datePublished":"2016-03-09T11:40:34+00:00","dateModified":"2024-02-07T08:16:00+00:00","description":"Historien om Delikat startet i Drammen i 1931. De st\u00f8rste variantene var den gang, som n\u00e5: rekesalat og italiensk salat.","breadcrumb":{"@id":"https:\/\/mills.no\/delikat\/historien-om-delikat\/#breadcrumb"},"inLanguage":"nb-NO","potentialAction":[{"@type":"ReadAction","target":["https:\/\/mills.no\/delikat\/historien-om-delikat\/"]}]},{"@type":"ImageObject","inLanguage":"nb-NO","@id":"https:\/\/mills.no\/delikat\/historien-om-delikat\/#primaryimage","url":"https:\/\/mills.no\/content\/uploads\/sites\/4\/2016\/03\/historisk-banner.jpg","contentUrl":"https:\/\/mills.no\/content\/uploads\/sites\/4\/2016\/03\/historisk-banner.jpg","width":1920,"height":1200,"caption":"Delikat historie banner"},{"@type":"BreadcrumbList","@id":"https:\/\/mills.no\/delikat\/historien-om-delikat\/#breadcrumb","itemListElement":[{"@type":"ListItem","position":1,"name":"Home","item":"https:\/\/mills.no\/delikat\/"},{"@type":"ListItem","position":2,"name":"Historien om Delikat"}]},{"@type":"WebSite","@id":"https:\/\/mills.no\/delikat\/#website","url":"https:\/\/mills.no\/delikat\/","name":"Delikat","description":"For delikate situasjoner","publisher":{"@id":"https:\/\/mills.no\/delikat\/#organization"},"potentialAction":[{"@type":"SearchAction","target":{"@type":"EntryPoint","urlTemplate":"https:\/\/mills.no\/delikat\/?s={search_term_string}"},"query-input":{"@type":"PropertyValueSpecification","valueRequired":true,"valueName":"search_term_string"}}],"inLanguage":"nb-NO"},{"@type":"Organization","@id":"https:\/\/mills.no\/delikat\/#organization","name":"Delikat","url":"https:\/\/mills.no\/delikat\/","logo":{"@type":"ImageObject","inLanguage":"nb-NO","@id":"https:\/\/mills.no\/delikat\/#\/schema\/logo\/image\/","url":"https:\/\/mills.no\/content\/uploads\/sites\/4\/2021\/11\/logo-delikat.svg","contentUrl":"https:\/\/mills.no\/content\/uploads\/sites\/4\/2021\/11\/logo-delikat.svg","caption":"Delikat"},"image":{"@id":"https:\/\/mills.no\/delikat\/#\/schema\/logo\/image\/"}}]}},"_links":{"self":[{"href":"https:\/\/mills.no\/delikat\/wp-json\/wp\/v2\/pages\/214","targetHints":{"allow":["GET"]}}],"collection":[{"href":"https:\/\/mills.no\/delikat\/wp-json\/wp\/v2\/pages"}],"about":[{"href":"https:\/\/mills.no\/delikat\/wp-json\/wp\/v2\/types\/page"}],"author":[{"embeddable":true,"href":"https:\/\/mills.no\/delikat\/wp-json\/wp\/v2\/users\/1"}],"replies":[{"embeddable":true,"href":"https:\/\/mills.no\/delikat\/wp-json\/wp\/v2\/comments?post=214"}],"version-history":[{"count":14,"href":"https:\/\/mills.no\/delikat\/wp-json\/wp\/v2\/pages\/214\/revisions"}],"predecessor-version":[{"id":614,"href":"https:\/\/mills.no\/delikat\/wp-json\/wp\/v2\/pages\/214\/revisions\/614"}],"wp:featuredmedia":[{"embeddable":true,"href":"https:\/\/mills.no\/delikat\/wp-json\/wp\/v2\/media\/215"}],"wp:attachment":[{"href":"https:\/\/mills.no\/delikat\/wp-json\/wp\/v2\/media?parent=214"}],"curies":[{"name":"wp","href":"https:\/\/api.w.org\/{rel}","templated":true}]}}