{"id":32943,"date":"2019-11-06T12:43:37","date_gmt":"2019-11-06T11:43:37","guid":{"rendered":"https:\/\/mills.no\/produkt\/sursild-i-spann\/"},"modified":"2024-02-07T09:03:58","modified_gmt":"2024-02-07T08:03:58","slug":"sursild-i-spann","status":"publish","type":"product","link":"https:\/\/mills.no\/delikat\/produkt\/sursild-i-spann\/","title":{"rendered":"Sursild i spann"},"content":{"rendered":"<div class=\"mills-block-featured alignwide alignwide wp-block-mills-block-featured\"><div class=\"wp-block-cover__inner-container\">\n<h1 class=\"has-text-align-center wp-block-post-title has-text-color has-neutral-1000-color\">Sursild i spann<\/h1>\n<p class=\"t2-ingress has-text-align-center align wp-block-t2-ingress\">Sursild er en Delikat-favoritt av god gammel \u00e5rgang. En klassiker med v\u00e5r gode sild og masse frisk l\u00f8k. \n<\/p>\n<\/div><\/div>\n\n\t\t<div class=\"has-background has-neutral-0-background-color is-style-vertical-spacing is-style-horizontal-spacing alignwide wp-block-mills-section has-background has-neutral-0-background-color\">\n\t\t\t<div class=\"wp-block-mills-section__inner aligncenter\">\n\t\t\t\t\n\n<div class=\"wp-block-image\"><figure class=\"aligncenter size-full\"><img decoding=\"async\" src=\"https:\/\/mills.no\/content\/uploads\/2019\/11\/7036110009131_A1C1.png\" alt=\"\" class=\"wp-image-32944\" \/><\/figure><\/div>\n\n\t\t\t<\/div>\n\t\t<\/div>\n","protected":false},"excerpt":{"rendered":"<p>Sursild er en Delikat-favoritt av god gammel \u00e5rgang. En klassiker med v\u00e5r gode sild og masse frisk l\u00f8k.<\/p>\n","protected":false},"featured_media":0,"menu_order":0,"template":"","meta":{"_searchwp_excluded":"","hide_post_title":false,"mills_central_gtin":"","footnotes":""},"brand":[],"allergen":[],"product_category":[],"product_label":[],"class_list":["post-32943","product","type-product","status-publish","hentry"],"yoast_head":"<!-- This site is optimized with the Yoast SEO Premium plugin v26.9 (Yoast SEO v26.9) - https:\/\/yoast.com\/product\/yoast-seo-premium-wordpress\/ -->\n<title>Sursild i spann - Delikat<\/title>\n<meta name=\"robots\" content=\"index, follow, max-snippet:-1, max-image-preview:large, max-video-preview:-1\" \/>\n<link rel=\"canonical\" href=\"https:\/\/mills.no\/delikat\/produkt\/sursild-i-spann\/\" \/>\n<meta property=\"og:locale\" content=\"nb_NO\" \/>\n<meta property=\"og:type\" content=\"article\" \/>\n<meta property=\"og:title\" content=\"Sursild i spann\" \/>\n<meta property=\"og:description\" content=\"Sursild er en Delikat-favoritt av god gammel \u00e5rgang. En klassiker med v\u00e5r gode sild og masse frisk l\u00f8k.\" \/>\n<meta property=\"og:url\" content=\"https:\/\/mills.no\/delikat\/produkt\/sursild-i-spann\/\" \/>\n<meta property=\"og:site_name\" content=\"Delikat\" \/>\n<meta property=\"article:modified_time\" content=\"2024-02-07T08:03:58+00:00\" \/>\n<meta property=\"og:image\" content=\"https:\/\/mills.no\/content\/uploads\/2019\/11\/7036110009131_A1C1.png\" \/>\n<meta name=\"twitter:card\" content=\"summary_large_image\" \/>\n<script type=\"application\/ld+json\" class=\"yoast-schema-graph\">{\"@context\":\"https:\/\/schema.org\",\"@graph\":[{\"@type\":\"WebPage\",\"@id\":\"https:\/\/mills.no\/delikat\/produkt\/sursild-i-spann\/\",\"url\":\"https:\/\/mills.no\/delikat\/produkt\/sursild-i-spann\/\",\"name\":\"Sursild i spann - Delikat\",\"isPartOf\":{\"@id\":\"https:\/\/mills.no\/delikat\/#website\"},\"primaryImageOfPage\":{\"@id\":\"https:\/\/mills.no\/delikat\/produkt\/sursild-i-spann\/#primaryimage\"},\"image\":{\"@id\":\"https:\/\/mills.no\/delikat\/produkt\/sursild-i-spann\/#primaryimage\"},\"thumbnailUrl\":\"https:\/\/mills.no\/content\/uploads\/2019\/11\/7036110009131_A1C1.png\",\"datePublished\":\"2019-11-06T11:43:37+00:00\",\"dateModified\":\"2024-02-07T08:03:58+00:00\",\"breadcrumb\":{\"@id\":\"https:\/\/mills.no\/delikat\/produkt\/sursild-i-spann\/#breadcrumb\"},\"inLanguage\":\"nb-NO\",\"potentialAction\":[{\"@type\":\"ReadAction\",\"target\":[\"https:\/\/mills.no\/delikat\/produkt\/sursild-i-spann\/\"]}]},{\"@type\":\"ImageObject\",\"inLanguage\":\"nb-NO\",\"@id\":\"https:\/\/mills.no\/delikat\/produkt\/sursild-i-spann\/#primaryimage\",\"url\":\"https:\/\/mills.no\/content\/uploads\/2019\/11\/7036110009131_A1C1.png\",\"contentUrl\":\"https:\/\/mills.no\/content\/uploads\/2019\/11\/7036110009131_A1C1.png\"},{\"@type\":\"BreadcrumbList\",\"@id\":\"https:\/\/mills.no\/delikat\/produkt\/sursild-i-spann\/#breadcrumb\",\"itemListElement\":[{\"@type\":\"ListItem\",\"position\":1,\"name\":\"Home\",\"item\":\"https:\/\/mills.no\/delikat\/\"},{\"@type\":\"ListItem\",\"position\":2,\"name\":\"Produkter\",\"item\":\"https:\/\/mills.no\/delikat\/produkter\/\"},{\"@type\":\"ListItem\",\"position\":3,\"name\":\"Sursild i spann\"}]},{\"@type\":\"WebSite\",\"@id\":\"https:\/\/mills.no\/delikat\/#website\",\"url\":\"https:\/\/mills.no\/delikat\/\",\"name\":\"Delikat\",\"description\":\"For delikate situasjoner\",\"publisher\":{\"@id\":\"https:\/\/mills.no\/delikat\/#organization\"},\"potentialAction\":[{\"@type\":\"SearchAction\",\"target\":{\"@type\":\"EntryPoint\",\"urlTemplate\":\"https:\/\/mills.no\/delikat\/?s={search_term_string}\"},\"query-input\":{\"@type\":\"PropertyValueSpecification\",\"valueRequired\":true,\"valueName\":\"search_term_string\"}}],\"inLanguage\":\"nb-NO\"},{\"@type\":\"Organization\",\"@id\":\"https:\/\/mills.no\/delikat\/#organization\",\"name\":\"Delikat\",\"url\":\"https:\/\/mills.no\/delikat\/\",\"logo\":{\"@type\":\"ImageObject\",\"inLanguage\":\"nb-NO\",\"@id\":\"https:\/\/mills.no\/delikat\/#\/schema\/logo\/image\/\",\"url\":\"https:\/\/mills.no\/content\/uploads\/sites\/4\/2021\/11\/logo-delikat.svg\",\"contentUrl\":\"https:\/\/mills.no\/content\/uploads\/sites\/4\/2021\/11\/logo-delikat.svg\",\"caption\":\"Delikat\"},\"image\":{\"@id\":\"https:\/\/mills.no\/delikat\/#\/schema\/logo\/image\/\"}}]}<\/script>\n<!-- \/ Yoast SEO Premium plugin. -->","yoast_head_json":{"title":"Sursild i spann - Delikat","robots":{"index":"index","follow":"follow","max-snippet":"max-snippet:-1","max-image-preview":"max-image-preview:large","max-video-preview":"max-video-preview:-1"},"canonical":"https:\/\/mills.no\/delikat\/produkt\/sursild-i-spann\/","og_locale":"nb_NO","og_type":"article","og_title":"Sursild i spann","og_description":"Sursild er en Delikat-favoritt av god gammel \u00e5rgang. En klassiker med v\u00e5r gode sild og masse frisk l\u00f8k.","og_url":"https:\/\/mills.no\/delikat\/produkt\/sursild-i-spann\/","og_site_name":"Delikat","article_modified_time":"2024-02-07T08:03:58+00:00","og_image":[{"url":"https:\/\/mills.no\/content\/uploads\/2019\/11\/7036110009131_A1C1.png","type":"","width":"","height":""}],"twitter_card":"summary_large_image","schema":{"@context":"https:\/\/schema.org","@graph":[{"@type":"WebPage","@id":"https:\/\/mills.no\/delikat\/produkt\/sursild-i-spann\/","url":"https:\/\/mills.no\/delikat\/produkt\/sursild-i-spann\/","name":"Sursild i spann - Delikat","isPartOf":{"@id":"https:\/\/mills.no\/delikat\/#website"},"primaryImageOfPage":{"@id":"https:\/\/mills.no\/delikat\/produkt\/sursild-i-spann\/#primaryimage"},"image":{"@id":"https:\/\/mills.no\/delikat\/produkt\/sursild-i-spann\/#primaryimage"},"thumbnailUrl":"https:\/\/mills.no\/content\/uploads\/2019\/11\/7036110009131_A1C1.png","datePublished":"2019-11-06T11:43:37+00:00","dateModified":"2024-02-07T08:03:58+00:00","breadcrumb":{"@id":"https:\/\/mills.no\/delikat\/produkt\/sursild-i-spann\/#breadcrumb"},"inLanguage":"nb-NO","potentialAction":[{"@type":"ReadAction","target":["https:\/\/mills.no\/delikat\/produkt\/sursild-i-spann\/"]}]},{"@type":"ImageObject","inLanguage":"nb-NO","@id":"https:\/\/mills.no\/delikat\/produkt\/sursild-i-spann\/#primaryimage","url":"https:\/\/mills.no\/content\/uploads\/2019\/11\/7036110009131_A1C1.png","contentUrl":"https:\/\/mills.no\/content\/uploads\/2019\/11\/7036110009131_A1C1.png"},{"@type":"BreadcrumbList","@id":"https:\/\/mills.no\/delikat\/produkt\/sursild-i-spann\/#breadcrumb","itemListElement":[{"@type":"ListItem","position":1,"name":"Home","item":"https:\/\/mills.no\/delikat\/"},{"@type":"ListItem","position":2,"name":"Produkter","item":"https:\/\/mills.no\/delikat\/produkter\/"},{"@type":"ListItem","position":3,"name":"Sursild i spann"}]},{"@type":"WebSite","@id":"https:\/\/mills.no\/delikat\/#website","url":"https:\/\/mills.no\/delikat\/","name":"Delikat","description":"For delikate situasjoner","publisher":{"@id":"https:\/\/mills.no\/delikat\/#organization"},"potentialAction":[{"@type":"SearchAction","target":{"@type":"EntryPoint","urlTemplate":"https:\/\/mills.no\/delikat\/?s={search_term_string}"},"query-input":{"@type":"PropertyValueSpecification","valueRequired":true,"valueName":"search_term_string"}}],"inLanguage":"nb-NO"},{"@type":"Organization","@id":"https:\/\/mills.no\/delikat\/#organization","name":"Delikat","url":"https:\/\/mills.no\/delikat\/","logo":{"@type":"ImageObject","inLanguage":"nb-NO","@id":"https:\/\/mills.no\/delikat\/#\/schema\/logo\/image\/","url":"https:\/\/mills.no\/content\/uploads\/sites\/4\/2021\/11\/logo-delikat.svg","contentUrl":"https:\/\/mills.no\/content\/uploads\/sites\/4\/2021\/11\/logo-delikat.svg","caption":"Delikat"},"image":{"@id":"https:\/\/mills.no\/delikat\/#\/schema\/logo\/image\/"}}]}},"_links":{"self":[{"href":"https:\/\/mills.no\/delikat\/wp-json\/wp\/v2\/product\/32943","targetHints":{"allow":["GET"]}}],"collection":[{"href":"https:\/\/mills.no\/delikat\/wp-json\/wp\/v2\/product"}],"about":[{"href":"https:\/\/mills.no\/delikat\/wp-json\/wp\/v2\/types\/product"}],"version-history":[{"count":0,"href":"https:\/\/mills.no\/delikat\/wp-json\/wp\/v2\/product\/32943\/revisions"}],"wp:attachment":[{"href":"https:\/\/mills.no\/delikat\/wp-json\/wp\/v2\/media?parent=32943"}],"wp:term":[{"taxonomy":"brand","embeddable":true,"href":"https:\/\/mills.no\/delikat\/wp-json\/wp\/v2\/brand?post=32943"},{"taxonomy":"allergen","embeddable":true,"href":"https:\/\/mills.no\/delikat\/wp-json\/wp\/v2\/allergen?post=32943"},{"taxonomy":"product_category","embeddable":true,"href":"https:\/\/mills.no\/delikat\/wp-json\/wp\/v2\/product_category?post=32943"},{"taxonomy":"product_label","embeddable":true,"href":"https:\/\/mills.no\/delikat\/wp-json\/wp\/v2\/product_label?post=32943"}],"curies":[{"name":"wp","href":"https:\/\/api.w.org\/{rel}","templated":true}]}}