{"id":135,"date":"2024-11-14T14:09:28","date_gmt":"2024-11-14T13:09:28","guid":{"rendered":"https:\/\/mills.no\/industri\/?post_type=product&#038;p=135"},"modified":"2025-01-08T11:21:22","modified_gmt":"2025-01-08T10:21:22","slug":"mills-roremargarin","status":"publish","type":"product","link":"https:\/\/mills.no\/industri\/produkt\/mills-roremargarin\/","title":{"rendered":"Mills R\u00f8remargarin"},"content":{"rendered":"\n\t\t<div class=\"has-background has-primary-light-background-color is-style-vertical-spacing alignwide is-section-text wp-block-mills-section has-background has-primary-light-background-color\">\n\t\t\t<div class=\"wp-block-mills-section__inner aligncenter\">\n\t\t\t\t\n\n<h1 class=\"wp-block-heading has-text-align-center\" id=\"h-mills-roremargarin\" style=\"font-style:normal;font-weight:700\"><strong>Mills R\u00f8remargarin<\/strong><\/h1>\n\n\n\n<p>Mills R\u00f8remargarin er spesielt godt egnet til kremer og r\u00f8rer der det skal piskes inn luft. Kan ogs\u00e5 brukes i annen baking. Pakkes i bl\u00e5 omslag.<\/p>\n\n\n\t\t\t<\/div>\n\t\t<\/div>\n\n\n\t\t<div class=\"has-background has-neutral-30-background-color is-style-vertical-spacing alignwide is-section-text wp-block-mills-section has-background has-neutral-30-background-color\">\n\t\t\t<div class=\"wp-block-mills-section__inner aligncenter\">\n\t\t\t\t\n\n<figure class=\"wp-block-image size-full\"><img loading=\"lazy\" decoding=\"async\" width=\"1144\" height=\"573\" src=\"https:\/\/mills.no\/content\/uploads\/sites\/21\/2024\/11\/margarin_5kg.png\" alt=\"\" class=\"wp-image-136\" srcset=\"https:\/\/mills.no\/content\/uploads\/sites\/21\/2024\/11\/margarin_5kg.png 1144w, https:\/\/mills.no\/content\/uploads\/sites\/21\/2024\/11\/margarin_5kg-300x150.png 300w, https:\/\/mills.no\/content\/uploads\/sites\/21\/2024\/11\/margarin_5kg-1024x513.png 1024w, https:\/\/mills.no\/content\/uploads\/sites\/21\/2024\/11\/margarin_5kg-768x385.png 768w, https:\/\/mills.no\/content\/uploads\/sites\/21\/2024\/11\/margarin_5kg-80x40.png 80w\" sizes=\"auto, (max-width: 1144px) 100vw, 1144px\" \/><\/figure>\n\n\n\n<p><\/p>\n\n\n\n<p><\/p>\n\n\n\n\t\t<div class=\"has-background has-secondary-background-color is-style-vertical-spacing is-style-horizontal-spacing aligncenter is-section-text wp-block-mills-section has-background has-secondary-background-color\">\n\t\t\t<div class=\"wp-block-mills-section__inner aligncenter\">\n\t\t\t\t\n\n<h3 class=\"wp-block-heading\" id=\"h-varenummer\"><strong>Varenummer:<\/strong><\/h3>\n\n\n\n<p><strong>Mills R\u00f8remargarin 2x5kg:<\/strong> 150448<\/p>\n\n\n\t\t\t<\/div>\n\t\t<\/div>\n\n\t\t\t<\/div>\n\t\t<\/div>\n\n<div class=\"mills-block-food-labeling alignwide alignwide wp-block-mills-block-food-labeling\"><div class=\"left\"><section class=\"nutrients-section\"><header class\"nutrients-header\"><h3>N\u00e6ringsinnhold<\/h3><\/header><p class=\"nutrients-info\">100 gram gir.<\/p><div class=\"nutrients-list\"><div class=\"nutrient-item heading energy ENERGY_KJ\"><span>Energi<\/span><span>2960 kJ (720 kcal)<\/span><\/div><div class=\"empty-item\"><span>&nbsp;<\/span><\/div><div class=\"nutrient-item heading fat FAT\"><span>Fett<\/span><span>80 g<\/span><\/div><div class=\"nutrient-sub\"><span>Hvorav<\/span><\/div><div class=\"nutrient-item fat FASAT\"><span>&#8211; Mettet fett<\/span><span>32 g<\/span><\/div><div class=\"nutrient-item fat FAMSCIS\"><span>&#8211; Enumettet fett<\/span><span>30 g<\/span><\/div><div class=\"nutrient-item fat FAPUCIS\"><span>&#8211; Flerumettet fett<\/span><span>14 g<\/span><\/div><div class=\"empty-item\"><span>&nbsp;<\/span><\/div><div class=\"nutrient-item heading carbs CHOAVL\"><span>Karbohydrater<\/span><span>0.5 g<\/span><\/div><div class=\"nutrient-sub\"><span>Hvorav<\/span><\/div><div class=\"nutrient-item carbs SUGAR-\"><span>&#8211; Sukkerarter<\/span><span>0.5 g<\/span><\/div><div class=\"empty-item\"><span>&nbsp;<\/span><\/div><div class=\"nutrient-item heading protein PRO-\"><span>Protein<\/span><span>0.5 g<\/span><\/div><div class=\"empty-item\"><span>&nbsp;<\/span><\/div><div class=\"nutrient-item heading salt SALTEQ\"><span>Salt<\/span><span>1.3 g<\/span><\/div><\/div><\/section><\/div><div class=\"right\"><section class=\"ingredients-section\"><header class=\"ingredients-header\"><h3>Ingredienser<\/h3><\/header><p class=\"ingredients-list\">Rapsolje, fullherdet kokos- og rapsolje, vann, kokosolje, skummet melk, salt, emulgator (soyalecitin, monoglyserider av fettsyrer), farge (betakaroten), aroma<\/p><p class=\"ingredients-smallprint\"><small>Produktsammensetningen kan endres. Les derfor alltid ingredienslisten p\u00e5 emballasjen p\u00e5 produktet.<\/small><\/p><\/section>\n<section class=\"allergens-section contains\"><header class=\"allergens-header\"><h3>Allergener<\/h3><\/header><div class=\"wp-block-buttons\"><div class=\"wp-block-button is-style-outline AM\"><span class=\"wp-block-button__link\">Melk<i class=\"icon-IconAllergy-milk\"><\/i><\/span><\/div><div class=\"wp-block-button is-style-outline AY\"><span class=\"wp-block-button__link\">Soyab\u00f8nner<i class=\"icon-IconAllergy-soy\"><\/i><\/span><\/div><\/div><\/section><\/div><\/div>","protected":false},"excerpt":{"rendered":"<p>Klassikeren siden 1919. En unik sammensetning av planteoljer gj\u00f8r at Melange i folie egner seg sv\u00e6rt godt til all form&hellip;<\/p>\n","protected":false},"featured_media":136,"menu_order":0,"template":"","meta":{"_searchwp_excluded":"","hide_post_title":true,"mills_central_gtin":"07036110004914","footnotes":""},"brand":[],"allergen":[22,35],"product_category":[3],"product_label":[],"class_list":["post-135","product","type-product","status-publish","has-post-thumbnail","hentry","allergen-melk","allergen-soya","product_category-margarin-og-matfett"],"yoast_head":"<!-- This site is optimized with the Yoast SEO Premium plugin v26.9 (Yoast SEO v26.9) - https:\/\/yoast.com\/product\/yoast-seo-premium-wordpress\/ -->\n<title>Mills R\u00f8remargarin - Mills Industri &amp; Bakeri<\/title>\n<meta name=\"description\" content=\"Mills R\u00f8remargarin er spesielt godt egnet til kremer og r\u00f8rer der det skal piskes inn luft. Kan ogs\u00e5 brukes i annen baking. Pakkes i bl\u00e5 omslag.\" \/>\n<meta name=\"robots\" content=\"index, follow, max-snippet:-1, max-image-preview:large, max-video-preview:-1\" \/>\n<link rel=\"canonical\" href=\"https:\/\/mills.no\/industri\/produkt\/mills-roremargarin\/\" \/>\n<meta property=\"og:locale\" content=\"nb_NO\" \/>\n<meta property=\"og:type\" content=\"article\" \/>\n<meta property=\"og:title\" content=\"Mills R\u00f8remargarin\" \/>\n<meta property=\"og:description\" content=\"Mills R\u00f8remargarin er spesielt godt egnet til kremer og r\u00f8rer der det skal piskes inn luft. Kan ogs\u00e5 brukes i annen baking. Pakkes i bl\u00e5 omslag.\" \/>\n<meta property=\"og:url\" content=\"https:\/\/mills.no\/industri\/produkt\/mills-roremargarin\/\" \/>\n<meta property=\"og:site_name\" content=\"Mills Industri &amp; Bakeri\" \/>\n<meta property=\"article:modified_time\" content=\"2025-01-08T10:21:22+00:00\" \/>\n<meta property=\"og:image\" content=\"https:\/\/mills.no\/content\/uploads\/sites\/21\/2024\/11\/margarin_5kg.png\" \/>\n\t<meta property=\"og:image:width\" content=\"1144\" \/>\n\t<meta property=\"og:image:height\" content=\"573\" \/>\n\t<meta property=\"og:image:type\" content=\"image\/png\" \/>\n<meta name=\"twitter:card\" content=\"summary_large_image\" \/>\n<meta name=\"twitter:label1\" content=\"Ansl. lesetid\" \/>\n\t<meta name=\"twitter:data1\" content=\"1 minutt\" \/>\n<script type=\"application\/ld+json\" class=\"yoast-schema-graph\">{\"@context\":\"https:\/\/schema.org\",\"@graph\":[{\"@type\":\"WebPage\",\"@id\":\"https:\/\/mills.no\/industri\/produkt\/mills-roremargarin\/\",\"url\":\"https:\/\/mills.no\/industri\/produkt\/mills-roremargarin\/\",\"name\":\"Mills R\u00f8remargarin - Mills Industri &amp; Bakeri\",\"isPartOf\":{\"@id\":\"https:\/\/mills.no\/industri\/#website\"},\"primaryImageOfPage\":{\"@id\":\"https:\/\/mills.no\/industri\/produkt\/mills-roremargarin\/#primaryimage\"},\"image\":{\"@id\":\"https:\/\/mills.no\/industri\/produkt\/mills-roremargarin\/#primaryimage\"},\"thumbnailUrl\":\"https:\/\/mills.no\/content\/uploads\/sites\/21\/2024\/11\/margarin_5kg.png\",\"datePublished\":\"2024-11-14T13:09:28+00:00\",\"dateModified\":\"2025-01-08T10:21:22+00:00\",\"description\":\"Mills R\u00f8remargarin er spesielt godt egnet til kremer og r\u00f8rer der det skal piskes inn luft. Kan ogs\u00e5 brukes i annen baking. Pakkes i bl\u00e5 omslag.\",\"breadcrumb\":{\"@id\":\"https:\/\/mills.no\/industri\/produkt\/mills-roremargarin\/#breadcrumb\"},\"inLanguage\":\"nb-NO\",\"potentialAction\":[{\"@type\":\"ReadAction\",\"target\":[\"https:\/\/mills.no\/industri\/produkt\/mills-roremargarin\/\"]}]},{\"@type\":\"ImageObject\",\"inLanguage\":\"nb-NO\",\"@id\":\"https:\/\/mills.no\/industri\/produkt\/mills-roremargarin\/#primaryimage\",\"url\":\"https:\/\/mills.no\/content\/uploads\/sites\/21\/2024\/11\/margarin_5kg.png\",\"contentUrl\":\"https:\/\/mills.no\/content\/uploads\/sites\/21\/2024\/11\/margarin_5kg.png\",\"width\":1144,\"height\":573,\"caption\":\"margarin 5kg\"},{\"@type\":\"BreadcrumbList\",\"@id\":\"https:\/\/mills.no\/industri\/produkt\/mills-roremargarin\/#breadcrumb\",\"itemListElement\":[{\"@type\":\"ListItem\",\"position\":1,\"name\":\"Hjem\",\"item\":\"https:\/\/mills.no\/industri\/\"},{\"@type\":\"ListItem\",\"position\":2,\"name\":\"Produkter\",\"item\":\"https:\/\/mills.no\/industri\/produkter\/\"},{\"@type\":\"ListItem\",\"position\":3,\"name\":\"Mills R\u00f8remargarin\"}]},{\"@type\":\"WebSite\",\"@id\":\"https:\/\/mills.no\/industri\/#website\",\"url\":\"https:\/\/mills.no\/industri\/\",\"name\":\"Mills Industri &amp; Bakeri\",\"description\":\"\",\"publisher\":{\"@id\":\"https:\/\/mills.no\/industri\/#organization\"},\"potentialAction\":[{\"@type\":\"SearchAction\",\"target\":{\"@type\":\"EntryPoint\",\"urlTemplate\":\"https:\/\/mills.no\/industri\/?s={search_term_string}\"},\"query-input\":{\"@type\":\"PropertyValueSpecification\",\"valueRequired\":true,\"valueName\":\"search_term_string\"}}],\"inLanguage\":\"nb-NO\"},{\"@type\":\"Organization\",\"@id\":\"https:\/\/mills.no\/industri\/#organization\",\"name\":\"Mills Industri &amp; Bakeri\",\"url\":\"https:\/\/mills.no\/industri\/\",\"logo\":{\"@type\":\"ImageObject\",\"inLanguage\":\"nb-NO\",\"@id\":\"https:\/\/mills.no\/industri\/#\/schema\/logo\/image\/\",\"url\":\"https:\/\/mills.no\/content\/uploads\/sites\/21\/2024\/10\/mills-industri-bakeri-logo-1.svg\",\"contentUrl\":\"https:\/\/mills.no\/content\/uploads\/sites\/21\/2024\/10\/mills-industri-bakeri-logo-1.svg\",\"caption\":\"Mills Industri &amp; Bakeri\"},\"image\":{\"@id\":\"https:\/\/mills.no\/industri\/#\/schema\/logo\/image\/\"}}]}<\/script>\n<!-- \/ Yoast SEO Premium plugin. -->","yoast_head_json":{"title":"Mills R\u00f8remargarin - Mills Industri &amp; Bakeri","description":"Mills R\u00f8remargarin er spesielt godt egnet til kremer og r\u00f8rer der det skal piskes inn luft. Kan ogs\u00e5 brukes i annen baking. Pakkes i bl\u00e5 omslag.","robots":{"index":"index","follow":"follow","max-snippet":"max-snippet:-1","max-image-preview":"max-image-preview:large","max-video-preview":"max-video-preview:-1"},"canonical":"https:\/\/mills.no\/industri\/produkt\/mills-roremargarin\/","og_locale":"nb_NO","og_type":"article","og_title":"Mills R\u00f8remargarin","og_description":"Mills R\u00f8remargarin er spesielt godt egnet til kremer og r\u00f8rer der det skal piskes inn luft. Kan ogs\u00e5 brukes i annen baking. Pakkes i bl\u00e5 omslag.","og_url":"https:\/\/mills.no\/industri\/produkt\/mills-roremargarin\/","og_site_name":"Mills Industri &amp; Bakeri","article_modified_time":"2025-01-08T10:21:22+00:00","og_image":[{"width":1144,"height":573,"url":"https:\/\/mills.no\/content\/uploads\/sites\/21\/2024\/11\/margarin_5kg.png","type":"image\/png"}],"twitter_card":"summary_large_image","twitter_misc":{"Ansl. lesetid":"1 minutt"},"schema":{"@context":"https:\/\/schema.org","@graph":[{"@type":"WebPage","@id":"https:\/\/mills.no\/industri\/produkt\/mills-roremargarin\/","url":"https:\/\/mills.no\/industri\/produkt\/mills-roremargarin\/","name":"Mills R\u00f8remargarin - Mills Industri &amp; Bakeri","isPartOf":{"@id":"https:\/\/mills.no\/industri\/#website"},"primaryImageOfPage":{"@id":"https:\/\/mills.no\/industri\/produkt\/mills-roremargarin\/#primaryimage"},"image":{"@id":"https:\/\/mills.no\/industri\/produkt\/mills-roremargarin\/#primaryimage"},"thumbnailUrl":"https:\/\/mills.no\/content\/uploads\/sites\/21\/2024\/11\/margarin_5kg.png","datePublished":"2024-11-14T13:09:28+00:00","dateModified":"2025-01-08T10:21:22+00:00","description":"Mills R\u00f8remargarin er spesielt godt egnet til kremer og r\u00f8rer der det skal piskes inn luft. Kan ogs\u00e5 brukes i annen baking. Pakkes i bl\u00e5 omslag.","breadcrumb":{"@id":"https:\/\/mills.no\/industri\/produkt\/mills-roremargarin\/#breadcrumb"},"inLanguage":"nb-NO","potentialAction":[{"@type":"ReadAction","target":["https:\/\/mills.no\/industri\/produkt\/mills-roremargarin\/"]}]},{"@type":"ImageObject","inLanguage":"nb-NO","@id":"https:\/\/mills.no\/industri\/produkt\/mills-roremargarin\/#primaryimage","url":"https:\/\/mills.no\/content\/uploads\/sites\/21\/2024\/11\/margarin_5kg.png","contentUrl":"https:\/\/mills.no\/content\/uploads\/sites\/21\/2024\/11\/margarin_5kg.png","width":1144,"height":573,"caption":"margarin 5kg"},{"@type":"BreadcrumbList","@id":"https:\/\/mills.no\/industri\/produkt\/mills-roremargarin\/#breadcrumb","itemListElement":[{"@type":"ListItem","position":1,"name":"Hjem","item":"https:\/\/mills.no\/industri\/"},{"@type":"ListItem","position":2,"name":"Produkter","item":"https:\/\/mills.no\/industri\/produkter\/"},{"@type":"ListItem","position":3,"name":"Mills R\u00f8remargarin"}]},{"@type":"WebSite","@id":"https:\/\/mills.no\/industri\/#website","url":"https:\/\/mills.no\/industri\/","name":"Mills Industri &amp; Bakeri","description":"","publisher":{"@id":"https:\/\/mills.no\/industri\/#organization"},"potentialAction":[{"@type":"SearchAction","target":{"@type":"EntryPoint","urlTemplate":"https:\/\/mills.no\/industri\/?s={search_term_string}"},"query-input":{"@type":"PropertyValueSpecification","valueRequired":true,"valueName":"search_term_string"}}],"inLanguage":"nb-NO"},{"@type":"Organization","@id":"https:\/\/mills.no\/industri\/#organization","name":"Mills Industri &amp; Bakeri","url":"https:\/\/mills.no\/industri\/","logo":{"@type":"ImageObject","inLanguage":"nb-NO","@id":"https:\/\/mills.no\/industri\/#\/schema\/logo\/image\/","url":"https:\/\/mills.no\/content\/uploads\/sites\/21\/2024\/10\/mills-industri-bakeri-logo-1.svg","contentUrl":"https:\/\/mills.no\/content\/uploads\/sites\/21\/2024\/10\/mills-industri-bakeri-logo-1.svg","caption":"Mills Industri &amp; Bakeri"},"image":{"@id":"https:\/\/mills.no\/industri\/#\/schema\/logo\/image\/"}}]}},"_links":{"self":[{"href":"https:\/\/mills.no\/industri\/wp-json\/wp\/v2\/product\/135","targetHints":{"allow":["GET"]}}],"collection":[{"href":"https:\/\/mills.no\/industri\/wp-json\/wp\/v2\/product"}],"about":[{"href":"https:\/\/mills.no\/industri\/wp-json\/wp\/v2\/types\/product"}],"version-history":[{"count":3,"href":"https:\/\/mills.no\/industri\/wp-json\/wp\/v2\/product\/135\/revisions"}],"predecessor-version":[{"id":166,"href":"https:\/\/mills.no\/industri\/wp-json\/wp\/v2\/product\/135\/revisions\/166"}],"wp:featuredmedia":[{"embeddable":true,"href":"https:\/\/mills.no\/industri\/wp-json\/wp\/v2\/media\/136"}],"wp:attachment":[{"href":"https:\/\/mills.no\/industri\/wp-json\/wp\/v2\/media?parent=135"}],"wp:term":[{"taxonomy":"brand","embeddable":true,"href":"https:\/\/mills.no\/industri\/wp-json\/wp\/v2\/brand?post=135"},{"taxonomy":"allergen","embeddable":true,"href":"https:\/\/mills.no\/industri\/wp-json\/wp\/v2\/allergen?post=135"},{"taxonomy":"product_category","embeddable":true,"href":"https:\/\/mills.no\/industri\/wp-json\/wp\/v2\/product_category?post=135"},{"taxonomy":"product_label","embeddable":true,"href":"https:\/\/mills.no\/industri\/wp-json\/wp\/v2\/product_label?post=135"}],"curies":[{"name":"wp","href":"https:\/\/api.w.org\/{rel}","templated":true}]}}