{"id":434,"date":"2016-02-21T09:40:29","date_gmt":"2016-02-21T08:40:29","guid":{"rendered":"https:\/\/mills.no\/soft-flora\/om-soft-flora\/"},"modified":"2024-02-07T09:16:22","modified_gmt":"2024-02-07T08:16:22","slug":"om-soft-flora","status":"publish","type":"page","link":"https:\/\/mills.no\/soft-flora\/om-soft-flora\/","title":{"rendered":"Om Soft Flora"},"content":{"rendered":"<div class=\"mills-block-featured alignwide alignwide wp-block-mills-block-featured\"><img loading=\"lazy\" decoding=\"async\" width=\"1600\" height=\"775\" style=\"width:100%;height:100%;object-fit:cover\" src=\"https:\/\/mills.no\/content\/uploads\/sites\/6\/2020\/07\/Soft-Flora-Original_1920.jpg\" class=\"wp-block-cover__image-background\" alt=\"Soft Flora Original\" srcset=\"https:\/\/mills.no\/content\/uploads\/sites\/6\/2020\/07\/Soft-Flora-Original_1920.jpg 1600w, https:\/\/mills.no\/content\/uploads\/sites\/6\/2020\/07\/Soft-Flora-Original_1920-300x145.jpg 300w, https:\/\/mills.no\/content\/uploads\/sites\/6\/2020\/07\/Soft-Flora-Original_1920-1024x496.jpg 1024w, https:\/\/mills.no\/content\/uploads\/sites\/6\/2020\/07\/Soft-Flora-Original_1920-768x372.jpg 768w, https:\/\/mills.no\/content\/uploads\/sites\/6\/2020\/07\/Soft-Flora-Original_1920-1536x744.jpg 1536w, https:\/\/mills.no\/content\/uploads\/sites\/6\/2020\/07\/Soft-Flora-Original_1920-80x39.jpg 80w\" sizes=\"auto, (max-width: 1600px) 100vw, 1600px\" \/><div class=\"wp-block-cover__inner-container\">\n<h1 class=\"has-text-align-center wp-block-post-title has-text-color has-neutral-1000-color\">Om Soft Flora<\/h1>\n\n<p class=\"t2-ingress has-text-align-center align wp-block-t2-ingress\">Soft Flora er laget av rapsolje som gir mild og god smak, og sm\u00f8remykhet rett fra kj\u00f8leskapet. Helt siden lanseringen i 1966 har Soft Flora v\u00e6rt favoritt som passer hele familien. <\/p>\n\n<div class=\"has-text-align-center mills-published-date wp-block-post-date has-text-color has-neutral-1000-color\"><time datetime=\"2016-02-21T09:40:29+01:00\">21. februar 2016<\/time><\/div>\n<\/div><\/div>\n\n\n\t\t<div class=\"has-background has-neutral-0-background-color is-style-vertical-spacing alignwide wp-block-mills-section has-background has-neutral-0-background-color\">\n\t\t\t<div class=\"wp-block-mills-section__inner aligncenter\">\n\t\t\t\t\n\n<p class=\"has-text-align-left\">Fordi den er laget med rapsolje, har Soft Flora et h\u00f8yt innhold av det sunne, umettede fettet. Den er utviklet spesielt med tanke p\u00e5 \u00e5 v\u00e6re et godt valg for b\u00e5de store og sm\u00e5, og finnes i variantene Original, Lett og Spesial, som er b\u00e5de melkefri og uten soya. I tillegg har vi Soft Flora Steke og Bake, som egner seg godt til for eksempel gj\u00e6rbakst, paideiger og kjeks.<\/p>\n\n\n\n<p class=\"has-text-align-left\">Produktene fra Soft Flora f\u00e5s kj\u00f8pt i de fleste dagligvarebutikker i Norge.<\/p>\n\n\n\n<p class=\"has-text-align-left\">&nbsp;<\/p>\n\n\n\t\t\t<\/div>\n\t\t<\/div>\n\n\n\t\t<div class=\"has-background has-neutral-0-background-color is-style-vertical-spacing alignwide is-section-media-text wp-block-mills-section has-background has-neutral-0-background-color\">\n\t\t\t<div class=\"wp-block-mills-section__inner alignwide\">\n\t\t\t\t\n\n<div class=\"wp-block-media-text alignwide is-stacked-on-mobile is-image-fill has-neutral-0-background-color has-background\"><figure class=\"wp-block-media-text__media\" style=\"background-image:url(https:\/\/mills.no\/content\/uploads\/sites\/6\/2022\/01\/smoremyk_70-tallet-1-e1474447490226-1024x763.jpg);background-position:50% 50%\"><img loading=\"lazy\" decoding=\"async\" width=\"1024\" height=\"763\" src=\"https:\/\/mills.no\/content\/uploads\/sites\/6\/2022\/01\/smoremyk_70-tallet-1-e1474447490226-1024x763.jpg\" alt=\"Soft Flora annonse fra 70-tallet\" class=\"wp-image-523 size-full\" srcset=\"https:\/\/mills.no\/content\/uploads\/sites\/6\/2022\/01\/smoremyk_70-tallet-1-e1474447490226-1024x763.jpg 1024w, https:\/\/mills.no\/content\/uploads\/sites\/6\/2022\/01\/smoremyk_70-tallet-1-e1474447490226-300x224.jpg 300w, https:\/\/mills.no\/content\/uploads\/sites\/6\/2022\/01\/smoremyk_70-tallet-1-e1474447490226-768x572.jpg 768w, https:\/\/mills.no\/content\/uploads\/sites\/6\/2022\/01\/smoremyk_70-tallet-1-e1474447490226-1536x1145.jpg 1536w, https:\/\/mills.no\/content\/uploads\/sites\/6\/2022\/01\/smoremyk_70-tallet-1-e1474447490226-2048x1526.jpg 2048w, https:\/\/mills.no\/content\/uploads\/sites\/6\/2022\/01\/smoremyk_70-tallet-1-e1474447490226-80x60.jpg 80w\" sizes=\"auto, (max-width: 1024px) 100vw, 1024px\" \/><\/figure><div class=\"wp-block-media-text__content\">\n<h2 class=\"wp-block-heading\" id=\"h-en-revolusjon-pa-frokostbordet\">En revolusjon p\u00e5 frokostbordet<\/h2>\n\n\n\n<p>Da Soft Flora ble lansert i 1966 var produktet n\u00e6rmest en revolusjon. Den store nyheten var at den i motsetning til sm\u00f8r og Melange var sm\u00f8remyk rett ut av kj\u00f8leskapet, det var noe helt nytt, forteller han.<\/p>\n\n\n\n<p>Soft Flora l\u00f8ste et stort og irriterende problem for forbrukerne. Samtidig hadde plantemargarinen en mild og god smak som var lett \u00e5 like og dermed passet perfekt til alle typer p\u00e5legg.<\/p>\n<\/div><\/div>\n\n\n\n\t\t<div class=\"has-background has-neutral-0-background-color alignfull is-section-media-text wp-block-mills-section has-background has-neutral-0-background-color\">\n\t\t\t<div class=\"wp-block-mills-section__inner alignwide\">\n\t\t\t\t\n\n<div class=\"wp-block-media-text alignwide has-media-on-the-right is-stacked-on-mobile is-image-fill\"><figure class=\"wp-block-media-text__media\" style=\"background-image:url(https:\/\/mills.no\/content\/uploads\/sites\/6\/2022\/01\/annonse_liv-82-e1474447793708-1024x799.jpg);background-position:50% 50%\"><img loading=\"lazy\" decoding=\"async\" width=\"1024\" height=\"799\" src=\"https:\/\/mills.no\/content\/uploads\/sites\/6\/2022\/01\/annonse_liv-82-e1474447793708-1024x799.jpg\" alt=\"Gammel Soft Flora annonse\" class=\"wp-image-524 size-full\" srcset=\"https:\/\/mills.no\/content\/uploads\/sites\/6\/2022\/01\/annonse_liv-82-e1474447793708-1024x799.jpg 1024w, https:\/\/mills.no\/content\/uploads\/sites\/6\/2022\/01\/annonse_liv-82-e1474447793708-300x234.jpg 300w, https:\/\/mills.no\/content\/uploads\/sites\/6\/2022\/01\/annonse_liv-82-e1474447793708-768x599.jpg 768w, https:\/\/mills.no\/content\/uploads\/sites\/6\/2022\/01\/annonse_liv-82-e1474447793708-1536x1198.jpg 1536w, https:\/\/mills.no\/content\/uploads\/sites\/6\/2022\/01\/annonse_liv-82-e1474447793708-2048x1598.jpg 2048w, https:\/\/mills.no\/content\/uploads\/sites\/6\/2022\/01\/annonse_liv-82-e1474447793708-80x62.jpg 80w\" sizes=\"auto, (max-width: 1024px) 100vw, 1024px\" \/><\/figure><div class=\"wp-block-media-text__content\">\n<p>Etter 50 \u00e5r er kombinasjonen Soft Flora og br\u00f8d like selvskreven p\u00e5 frokostbordet som i 1966. Den store forskjellen er at den originale Soft Flora margarinen n\u00e5 er supplert med flere nye produkter.<\/p>\n\n\n\n<p>P\u00e5 80-tallet ble fokuset p\u00e5 helse og kosthold st\u00f8rre og i 1988 ble derfor Soft Flora Lett, det ekstra sunne alternativet med ekstra lavt fett- og saltinnhold, lansert. Siden kom ogs\u00e5 Soft Flora Spesial \u2013 utviklet for dem som har intoleranse eller er allergisk mot melk og soya. Og Soft Flora Ekstra Smaksrik med fyldig og god smak av havsalt.<\/p>\n<\/div><\/div>\n\n\n\t\t\t<\/div>\n\t\t<\/div>\n\n\t\t\t<\/div>\n\t\t<\/div>\n\n\n\t\t<div class=\"has-background has-secondary-background-color is-style-vertical-spacing is-style-horizontal-spacing alignwide wp-block-mills-section has-background has-secondary-background-color\">\n\t\t\t<div class=\"wp-block-mills-section__inner alignwide\">\n\t\t\t\t\n\n<h2 class=\"has-text-align-center aligncenter wp-block-heading\" id=\"h-produkter\">Produkter<\/h2>\n\n\n<div class=\"t2-featured-content-layout alignwide alignwide wp-block-t2-featured-content-layout\" role=\"list\">\n<div class=\"t2-featured-single-post t2-featured-content is-post-type-product brand-soft-flora allergen-melk allergen-soya product_category-margarin-og-olje wp-block-t2-featured-single-post\" role=\"listitem\"><a class=\"t2-post-link wp-block-t2-post-link\" href=\"https:\/\/mills.no\/soft-flora\/produkt\/soft-flora-original\/\">\n<figure style=\"--t2-focal-point: 50% 50%;\" class=\"t2-post-featured-image has-image-ratio-16-9 wp-block-t2-post-featured-image\"><img loading=\"lazy\" decoding=\"async\" width=\"2400\" height=\"1595\" src=\"https:\/\/mills.no\/content\/uploads\/2023\/08\/7036110010472_G1C1_2400px.png\" class=\"attachment-medium-large size-medium-large wp-post-image\" alt=\"Soft Flora Original\" srcset=\"https:\/\/mills.no\/content\/uploads\/2023\/08\/7036110010472_G1C1_2400px.png 2400w, https:\/\/mills.no\/content\/uploads\/2023\/08\/7036110010472_G1C1_2400px-300x199.png 300w, https:\/\/mills.no\/content\/uploads\/2023\/08\/7036110010472_G1C1_2400px-1024x681.png 1024w, https:\/\/mills.no\/content\/uploads\/2023\/08\/7036110010472_G1C1_2400px-768x510.png 768w, https:\/\/mills.no\/content\/uploads\/2023\/08\/7036110010472_G1C1_2400px-1536x1021.png 1536w, https:\/\/mills.no\/content\/uploads\/2023\/08\/7036110010472_G1C1_2400px-2048x1361.png 2048w, https:\/\/mills.no\/content\/uploads\/2023\/08\/7036110010472_G1C1_2400px-80x53.png 80w\" sizes=\"auto, (max-width: 2400px) 100vw, 2400px\" \/><\/figure>\n\n<div class=\"wp-block-group alignfull is-layout-flow wp-block-group-is-layout-flow\">\n\t\n\t\t<div class=\"tax-product_label wp-block-mills-post-terms\">\n\t\t\t\n\t\t<\/div>\n\t<h2 class=\"t2-post-title wp-block-t2-post-title\">Soft Flora Original<\/h2>\n\t<div class=\"t2-post-excerpt wp-block-t2-post-excerpt\"><p>Soft Flora er laget av rapsolje som gir mild og god smak, og sm\u00f8remykhet rett fra kj\u00f8leskapet. Den milde og&hellip;<\/p><\/div>\n<\/div>\n\n<\/a>\n<\/div>\n\n<div class=\"t2-featured-single-post t2-featured-content is-post-type-product brand-soft-flora allergen-melk allergen-soya product_category-margarin-og-olje wp-block-t2-featured-single-post\" role=\"listitem\"><a class=\"t2-post-link wp-block-t2-post-link\" href=\"https:\/\/mills.no\/soft-flora\/produkt\/soft-flora-lett\/\">\n<figure style=\"--t2-focal-point: 50% 50%;\" class=\"t2-post-featured-image has-image-ratio-16-9 wp-block-t2-post-featured-image\"><img loading=\"lazy\" decoding=\"async\" width=\"1200\" height=\"893\" src=\"https:\/\/mills.no\/content\/uploads\/2024\/12\/7036110010175_G1N1_1200px.png\" class=\"attachment-medium-large size-medium-large wp-post-image\" alt=\"Soft Flora Lett\" srcset=\"https:\/\/mills.no\/content\/uploads\/2024\/12\/7036110010175_G1N1_1200px.png 1200w, https:\/\/mills.no\/content\/uploads\/2024\/12\/7036110010175_G1N1_1200px-300x223.png 300w, https:\/\/mills.no\/content\/uploads\/2024\/12\/7036110010175_G1N1_1200px-1024x762.png 1024w, https:\/\/mills.no\/content\/uploads\/2024\/12\/7036110010175_G1N1_1200px-768x572.png 768w, https:\/\/mills.no\/content\/uploads\/2024\/12\/7036110010175_G1N1_1200px-80x60.png 80w\" sizes=\"auto, (max-width: 1200px) 100vw, 1200px\" \/><\/figure>\n\n<div class=\"wp-block-group alignfull is-layout-flow wp-block-group-is-layout-flow\">\n\t\n\t\t<div class=\"tax-product_label wp-block-mills-post-terms\">\n\t\t\t\n\t\t<\/div>\n\t<h2 class=\"t2-post-title wp-block-t2-post-title\">Soft Flora Lett<\/h2>\n\t<div class=\"t2-post-excerpt wp-block-t2-post-excerpt\"><p>Soft Flora Lett har et redusert fettinnhold og er et bra alternativ for deg som \u00f8nsker \u00e5 redusere fettinntaket. Soft&hellip;<\/p><\/div>\n<\/div>\n\n<\/a>\n<\/div>\n\n<div class=\"t2-featured-single-post t2-featured-content is-post-type-product brand-soft-flora product_category-margarin-og-olje wp-block-t2-featured-single-post\" role=\"listitem\"><a class=\"t2-post-link wp-block-t2-post-link\" href=\"https:\/\/mills.no\/soft-flora\/produkt\/soft-flora-spesial\/\">\n<figure style=\"--t2-focal-point: 50% 50%;\" class=\"t2-post-featured-image has-image-ratio-16-9 wp-block-t2-post-featured-image\"><img loading=\"lazy\" decoding=\"async\" width=\"1200\" height=\"893\" src=\"https:\/\/mills.no\/content\/uploads\/2024\/12\/7036110008172_G1N1_1200px.png\" class=\"attachment-medium-large size-medium-large wp-post-image\" alt=\"Soft Flora Uten melk og soya\" srcset=\"https:\/\/mills.no\/content\/uploads\/2024\/12\/7036110008172_G1N1_1200px.png 1200w, https:\/\/mills.no\/content\/uploads\/2024\/12\/7036110008172_G1N1_1200px-300x223.png 300w, https:\/\/mills.no\/content\/uploads\/2024\/12\/7036110008172_G1N1_1200px-1024x762.png 1024w, https:\/\/mills.no\/content\/uploads\/2024\/12\/7036110008172_G1N1_1200px-768x572.png 768w, https:\/\/mills.no\/content\/uploads\/2024\/12\/7036110008172_G1N1_1200px-80x60.png 80w\" sizes=\"auto, (max-width: 1200px) 100vw, 1200px\" \/><\/figure>\n\n<div class=\"wp-block-group alignfull is-layout-flow wp-block-group-is-layout-flow\">\n\t\n\t\t<div class=\"tax-product_label wp-block-mills-post-terms\">\n\t\t\t\n\t\t<\/div>\n\t<h2 class=\"t2-post-title wp-block-t2-post-title\">Soft Flora Uten melk og soya<\/h2>\n\t<div class=\"t2-post-excerpt wp-block-t2-post-excerpt\"><p>Soft Flora Uten melk og soya er beregnet for deg som har intoleranse eller er allergisk mot melk og soya.<\/p><\/div>\n<\/div>\n\n<\/a>\n<\/div>\n\n<div class=\"t2-featured-single-post t2-featured-content is-post-type-product brand-soft-flora allergen-melk allergen-soya product_category-margarin-og-olje wp-block-t2-featured-single-post\" role=\"listitem\"><a class=\"t2-post-link wp-block-t2-post-link\" href=\"https:\/\/mills.no\/soft-flora\/produkt\/soft-flora-stekebake\/\">\n<figure style=\"--t2-focal-point: 50% 50%;\" class=\"t2-post-featured-image has-image-ratio-16-9 wp-block-t2-post-featured-image\"><img loading=\"lazy\" decoding=\"async\" width=\"2400\" height=\"1593\" src=\"https:\/\/mills.no\/content\/uploads\/2023\/08\/7036110009704_G1L1_2400px.png\" class=\"attachment-medium-large size-medium-large wp-post-image\" alt=\"Soft Flora Steke og Bake\" srcset=\"https:\/\/mills.no\/content\/uploads\/2023\/08\/7036110009704_G1L1_2400px.png 2400w, https:\/\/mills.no\/content\/uploads\/2023\/08\/7036110009704_G1L1_2400px-300x199.png 300w, https:\/\/mills.no\/content\/uploads\/2023\/08\/7036110009704_G1L1_2400px-1024x680.png 1024w, https:\/\/mills.no\/content\/uploads\/2023\/08\/7036110009704_G1L1_2400px-768x510.png 768w, https:\/\/mills.no\/content\/uploads\/2023\/08\/7036110009704_G1L1_2400px-1536x1020.png 1536w, https:\/\/mills.no\/content\/uploads\/2023\/08\/7036110009704_G1L1_2400px-2048x1359.png 2048w, https:\/\/mills.no\/content\/uploads\/2023\/08\/7036110009704_G1L1_2400px-80x53.png 80w\" sizes=\"auto, (max-width: 2400px) 100vw, 2400px\" \/><\/figure>\n\n<div class=\"wp-block-group alignfull is-layout-flow wp-block-group-is-layout-flow\">\n\t\n\t\t<div class=\"tax-product_label wp-block-mills-post-terms\">\n\t\t\t\n\t\t<\/div>\n\t<h2 class=\"t2-post-title wp-block-t2-post-title\">Soft Flora Steke og Bake<\/h2>\n\t<div class=\"t2-post-excerpt wp-block-t2-post-excerpt\"><p>Soft Flora Steke &#038; Bake er som navnet sier, godt egnet til b\u00e5de steking og baking. Den egner seg for&hellip;<\/p><\/div>\n<\/div>\n\n<\/a>\n<\/div>\n<\/div>\n\n\t\t\t<\/div>\n\t\t<\/div>\n\n\n<div class=\"wp-block-media-text alignwide is-stacked-on-mobile is-image-fill has-neutral-1000-color has-neutral-0-background-color has-text-color has-background\"><figure class=\"wp-block-media-text__media\" style=\"background-image:url(https:\/\/mills.no\/content\/uploads\/sites\/6\/2021\/02\/AdobeStock_302053696.jpeg);background-position:50% 50%\"><img loading=\"lazy\" decoding=\"async\" width=\"1600\" height=\"675\" src=\"https:\/\/mills.no\/content\/uploads\/sites\/6\/2021\/02\/AdobeStock_302053696.jpeg\" alt=\"\" class=\"wp-image-350 size-full\" srcset=\"https:\/\/mills.no\/content\/uploads\/sites\/6\/2021\/02\/AdobeStock_302053696.jpeg 1600w, https:\/\/mills.no\/content\/uploads\/sites\/6\/2021\/02\/AdobeStock_302053696-300x127.jpeg 300w, https:\/\/mills.no\/content\/uploads\/sites\/6\/2021\/02\/AdobeStock_302053696-1024x432.jpeg 1024w, https:\/\/mills.no\/content\/uploads\/sites\/6\/2021\/02\/AdobeStock_302053696-768x324.jpeg 768w, https:\/\/mills.no\/content\/uploads\/sites\/6\/2021\/02\/AdobeStock_302053696-1536x648.jpeg 1536w, https:\/\/mills.no\/content\/uploads\/sites\/6\/2021\/02\/AdobeStock_302053696-80x34.jpeg 80w\" sizes=\"auto, (max-width: 1600px) 100vw, 1600px\" \/><\/figure><div class=\"wp-block-media-text__content\">\n<div class=\"wp-block-group is-layout-flow wp-block-group-is-layout-flow\">\n<p class=\"has-text-align-left\">Rapsolje er en av de viktigste ingrediensene i Soft Flora.<\/p>\n\n\n\n<div class=\"wp-block-button\"><a class=\"wp-block-button__link\" href=\"https:\/\/mills.no\/soft-flora\/?post_type=post&amp;p=349\">Les om rapsoljen vi bruker i Soft Flora her<\/a><\/div>\n<\/div>\n<\/div><\/div>\n","protected":false},"excerpt":{"rendered":"<p>Soft Flora er laget av rapsolje som gir mild og god smak, og sm\u00f8remykhet rett fra kj\u00f8leskapet. Helt siden lanseringen&hellip;<\/p>\n","protected":false},"author":1,"featured_media":435,"parent":0,"menu_order":4,"comment_status":"closed","ping_status":"closed","template":"","meta":{"_searchwp_excluded":"","hide_post_title":false,"footnotes":""},"class_list":["post-434","page","type-page","status-publish","has-post-thumbnail","hentry"],"yoast_head":"<!-- This site is optimized with the Yoast SEO Premium plugin v26.9 (Yoast SEO v26.9) - https:\/\/yoast.com\/product\/yoast-seo-premium-wordpress\/ -->\n<title>Om Soft Flora<\/title>\n<meta name=\"description\" content=\"Soft Flora er laget av rapsolje som gir mild smak. Sm\u00f8remyk rett fra kj\u00f8leskapet. Den milde og gode smaken passer til alle p\u00e5legg og til hele familien.\" \/>\n<meta name=\"robots\" content=\"index, follow, max-snippet:-1, max-image-preview:large, max-video-preview:-1\" \/>\n<link rel=\"canonical\" href=\"https:\/\/mills.no\/soft-flora\/om-soft-flora\/\" \/>\n<meta property=\"og:locale\" content=\"nb_NO\" \/>\n<meta property=\"og:type\" content=\"article\" \/>\n<meta property=\"og:title\" content=\"Om Soft Flora\" \/>\n<meta property=\"og:description\" content=\"Soft Flora er laget av rapsolje som gir mild smak. Sm\u00f8remyk rett fra kj\u00f8leskapet. Den milde og gode smaken passer til alle p\u00e5legg og til hele familien.\" \/>\n<meta property=\"og:url\" content=\"https:\/\/mills.no\/soft-flora\/om-soft-flora\/\" \/>\n<meta property=\"og:site_name\" content=\"Soft Flora\" \/>\n<meta property=\"article:modified_time\" content=\"2024-02-07T08:16:22+00:00\" \/>\n<meta property=\"og:image\" content=\"https:\/\/mills.no\/content\/uploads\/sites\/6\/2016\/02\/soft-flora-stekebake.jpg\" \/>\n\t<meta property=\"og:image:width\" content=\"2165\" \/>\n\t<meta property=\"og:image:height\" content=\"1624\" \/>\n\t<meta property=\"og:image:type\" content=\"image\/jpeg\" \/>\n<meta name=\"twitter:card\" content=\"summary_large_image\" \/>\n<meta name=\"twitter:label1\" content=\"Ansl. lesetid\" \/>\n\t<meta name=\"twitter:data1\" content=\"3 minutter\" \/>\n<script type=\"application\/ld+json\" class=\"yoast-schema-graph\">{\"@context\":\"https:\/\/schema.org\",\"@graph\":[{\"@type\":\"WebPage\",\"@id\":\"https:\/\/mills.no\/soft-flora\/om-soft-flora\/\",\"url\":\"https:\/\/mills.no\/soft-flora\/om-soft-flora\/\",\"name\":\"Om Soft Flora\",\"isPartOf\":{\"@id\":\"https:\/\/mills.no\/soft-flora\/#website\"},\"primaryImageOfPage\":{\"@id\":\"https:\/\/mills.no\/soft-flora\/om-soft-flora\/#primaryimage\"},\"image\":{\"@id\":\"https:\/\/mills.no\/soft-flora\/om-soft-flora\/#primaryimage\"},\"thumbnailUrl\":\"https:\/\/mills.no\/content\/uploads\/sites\/6\/2016\/02\/soft-flora-stekebake.jpg\",\"datePublished\":\"2016-02-21T08:40:29+00:00\",\"dateModified\":\"2024-02-07T08:16:22+00:00\",\"description\":\"Soft Flora er laget av rapsolje som gir mild smak. Sm\u00f8remyk rett fra kj\u00f8leskapet. Den milde og gode smaken passer til alle p\u00e5legg og til hele familien.\",\"breadcrumb\":{\"@id\":\"https:\/\/mills.no\/soft-flora\/om-soft-flora\/#breadcrumb\"},\"inLanguage\":\"nb-NO\",\"potentialAction\":[{\"@type\":\"ReadAction\",\"target\":[\"https:\/\/mills.no\/soft-flora\/om-soft-flora\/\"]}]},{\"@type\":\"ImageObject\",\"inLanguage\":\"nb-NO\",\"@id\":\"https:\/\/mills.no\/soft-flora\/om-soft-flora\/#primaryimage\",\"url\":\"https:\/\/mills.no\/content\/uploads\/sites\/6\/2016\/02\/soft-flora-stekebake.jpg\",\"contentUrl\":\"https:\/\/mills.no\/content\/uploads\/sites\/6\/2016\/02\/soft-flora-stekebake.jpg\",\"width\":2165,\"height\":1624,\"caption\":\"Soft Flora steke&amp;bake\"},{\"@type\":\"BreadcrumbList\",\"@id\":\"https:\/\/mills.no\/soft-flora\/om-soft-flora\/#breadcrumb\",\"itemListElement\":[{\"@type\":\"ListItem\",\"position\":1,\"name\":\"Home\",\"item\":\"https:\/\/mills.no\/soft-flora\/\"},{\"@type\":\"ListItem\",\"position\":2,\"name\":\"Om Soft Flora\"}]},{\"@type\":\"WebSite\",\"@id\":\"https:\/\/mills.no\/soft-flora\/#website\",\"url\":\"https:\/\/mills.no\/soft-flora\/\",\"name\":\"Soft Flora\",\"description\":\"En naturlig familiefavoritt\",\"publisher\":{\"@id\":\"https:\/\/mills.no\/soft-flora\/#organization\"},\"potentialAction\":[{\"@type\":\"SearchAction\",\"target\":{\"@type\":\"EntryPoint\",\"urlTemplate\":\"https:\/\/mills.no\/soft-flora\/?s={search_term_string}\"},\"query-input\":{\"@type\":\"PropertyValueSpecification\",\"valueRequired\":true,\"valueName\":\"search_term_string\"}}],\"inLanguage\":\"nb-NO\"},{\"@type\":\"Organization\",\"@id\":\"https:\/\/mills.no\/soft-flora\/#organization\",\"name\":\"Soft Flora\",\"url\":\"https:\/\/mills.no\/soft-flora\/\",\"logo\":{\"@type\":\"ImageObject\",\"inLanguage\":\"nb-NO\",\"@id\":\"https:\/\/mills.no\/soft-flora\/#\/schema\/logo\/image\/\",\"url\":\"https:\/\/mills.no\/content\/uploads\/sites\/6\/2023\/08\/Soft-Flora_hovedlogo_1.svg\",\"contentUrl\":\"https:\/\/mills.no\/content\/uploads\/sites\/6\/2023\/08\/Soft-Flora_hovedlogo_1.svg\",\"caption\":\"Soft Flora\"},\"image\":{\"@id\":\"https:\/\/mills.no\/soft-flora\/#\/schema\/logo\/image\/\"}}]}<\/script>\n<!-- \/ Yoast SEO Premium plugin. -->","yoast_head_json":{"title":"Om Soft Flora","description":"Soft Flora er laget av rapsolje som gir mild smak. Sm\u00f8remyk rett fra kj\u00f8leskapet. Den milde og gode smaken passer til alle p\u00e5legg og til hele familien.","robots":{"index":"index","follow":"follow","max-snippet":"max-snippet:-1","max-image-preview":"max-image-preview:large","max-video-preview":"max-video-preview:-1"},"canonical":"https:\/\/mills.no\/soft-flora\/om-soft-flora\/","og_locale":"nb_NO","og_type":"article","og_title":"Om Soft Flora","og_description":"Soft Flora er laget av rapsolje som gir mild smak. Sm\u00f8remyk rett fra kj\u00f8leskapet. Den milde og gode smaken passer til alle p\u00e5legg og til hele familien.","og_url":"https:\/\/mills.no\/soft-flora\/om-soft-flora\/","og_site_name":"Soft Flora","article_modified_time":"2024-02-07T08:16:22+00:00","og_image":[{"width":2165,"height":1624,"url":"https:\/\/mills.no\/content\/uploads\/sites\/6\/2016\/02\/soft-flora-stekebake.jpg","type":"image\/jpeg"}],"twitter_card":"summary_large_image","twitter_misc":{"Ansl. lesetid":"3 minutter"},"schema":{"@context":"https:\/\/schema.org","@graph":[{"@type":"WebPage","@id":"https:\/\/mills.no\/soft-flora\/om-soft-flora\/","url":"https:\/\/mills.no\/soft-flora\/om-soft-flora\/","name":"Om Soft Flora","isPartOf":{"@id":"https:\/\/mills.no\/soft-flora\/#website"},"primaryImageOfPage":{"@id":"https:\/\/mills.no\/soft-flora\/om-soft-flora\/#primaryimage"},"image":{"@id":"https:\/\/mills.no\/soft-flora\/om-soft-flora\/#primaryimage"},"thumbnailUrl":"https:\/\/mills.no\/content\/uploads\/sites\/6\/2016\/02\/soft-flora-stekebake.jpg","datePublished":"2016-02-21T08:40:29+00:00","dateModified":"2024-02-07T08:16:22+00:00","description":"Soft Flora er laget av rapsolje som gir mild smak. Sm\u00f8remyk rett fra kj\u00f8leskapet. Den milde og gode smaken passer til alle p\u00e5legg og til hele familien.","breadcrumb":{"@id":"https:\/\/mills.no\/soft-flora\/om-soft-flora\/#breadcrumb"},"inLanguage":"nb-NO","potentialAction":[{"@type":"ReadAction","target":["https:\/\/mills.no\/soft-flora\/om-soft-flora\/"]}]},{"@type":"ImageObject","inLanguage":"nb-NO","@id":"https:\/\/mills.no\/soft-flora\/om-soft-flora\/#primaryimage","url":"https:\/\/mills.no\/content\/uploads\/sites\/6\/2016\/02\/soft-flora-stekebake.jpg","contentUrl":"https:\/\/mills.no\/content\/uploads\/sites\/6\/2016\/02\/soft-flora-stekebake.jpg","width":2165,"height":1624,"caption":"Soft Flora steke&amp;bake"},{"@type":"BreadcrumbList","@id":"https:\/\/mills.no\/soft-flora\/om-soft-flora\/#breadcrumb","itemListElement":[{"@type":"ListItem","position":1,"name":"Home","item":"https:\/\/mills.no\/soft-flora\/"},{"@type":"ListItem","position":2,"name":"Om Soft Flora"}]},{"@type":"WebSite","@id":"https:\/\/mills.no\/soft-flora\/#website","url":"https:\/\/mills.no\/soft-flora\/","name":"Soft Flora","description":"En naturlig familiefavoritt","publisher":{"@id":"https:\/\/mills.no\/soft-flora\/#organization"},"potentialAction":[{"@type":"SearchAction","target":{"@type":"EntryPoint","urlTemplate":"https:\/\/mills.no\/soft-flora\/?s={search_term_string}"},"query-input":{"@type":"PropertyValueSpecification","valueRequired":true,"valueName":"search_term_string"}}],"inLanguage":"nb-NO"},{"@type":"Organization","@id":"https:\/\/mills.no\/soft-flora\/#organization","name":"Soft Flora","url":"https:\/\/mills.no\/soft-flora\/","logo":{"@type":"ImageObject","inLanguage":"nb-NO","@id":"https:\/\/mills.no\/soft-flora\/#\/schema\/logo\/image\/","url":"https:\/\/mills.no\/content\/uploads\/sites\/6\/2023\/08\/Soft-Flora_hovedlogo_1.svg","contentUrl":"https:\/\/mills.no\/content\/uploads\/sites\/6\/2023\/08\/Soft-Flora_hovedlogo_1.svg","caption":"Soft Flora"},"image":{"@id":"https:\/\/mills.no\/soft-flora\/#\/schema\/logo\/image\/"}}]}},"_links":{"self":[{"href":"https:\/\/mills.no\/soft-flora\/wp-json\/wp\/v2\/pages\/434","targetHints":{"allow":["GET"]}}],"collection":[{"href":"https:\/\/mills.no\/soft-flora\/wp-json\/wp\/v2\/pages"}],"about":[{"href":"https:\/\/mills.no\/soft-flora\/wp-json\/wp\/v2\/types\/page"}],"author":[{"embeddable":true,"href":"https:\/\/mills.no\/soft-flora\/wp-json\/wp\/v2\/users\/1"}],"replies":[{"embeddable":true,"href":"https:\/\/mills.no\/soft-flora\/wp-json\/wp\/v2\/comments?post=434"}],"version-history":[{"count":12,"href":"https:\/\/mills.no\/soft-flora\/wp-json\/wp\/v2\/pages\/434\/revisions"}],"predecessor-version":[{"id":1053,"href":"https:\/\/mills.no\/soft-flora\/wp-json\/wp\/v2\/pages\/434\/revisions\/1053"}],"wp:featuredmedia":[{"embeddable":true,"href":"https:\/\/mills.no\/soft-flora\/wp-json\/wp\/v2\/media\/435"}],"wp:attachment":[{"href":"https:\/\/mills.no\/soft-flora\/wp-json\/wp\/v2\/media?parent=434"}],"curies":[{"name":"wp","href":"https:\/\/api.w.org\/{rel}","templated":true}]}}